3*z, u = a*z - 3*v - 37. List the prime factors of z.
7
Suppose -3*c - 2 = -5. Let j = c - -2. List the prime factors of j.
3
Let b(o) = -o**3 - o**2 + o + 2. Let n be b(0). Suppose -3 = 5*c - n*c. Let g(s) = -s + 1. List the prime factors of g(c).
2
Let m(u) = -u**3 - 13*u**2 - 10*u - 7. Let a be m(-12). Let r = a + 51. List the prime factors of r.
2, 5
Let b(w) = 2*w**2 - 3*w. Let d be b(2). Suppose 0 = -d*o - 2*o + 80. List the prime factors of o.
2, 5
Let d(t) = t**3 - 4*t**2 + 4*t. Let s be d(3). Let r(n) = 4*n - 4. What are the prime factors of r(s)?
2
Suppose -35 = -3*r + 4*f + 32, -5*f + 112 = 3*r. Suppose 0 = s - 0*s + 3*q - r, -4*q + 8 = 0. List the prime factors of s.
23
What are the prime factors of (-134)/(-10) + 6/(-15)?
13
Let c(k) be the third derivative of -k**4/6 - 5*k**3/6 - 2*k**2. Let v(d) = -d. Let y(p) = -c(p) + 5*v(p). List the prime factors of y(3).
2
Let j(m) be the second derivative of m**4/2 + m**3/6 - 3*m. List the prime factors of j(-2).
2, 11
Let j(v) = -4 - 4 - 3*v + 2. Let a be j(-6). What are the prime factors of 100/a - 4/(-6)?
3
Suppose -8*a + 394 = -438. List the prime factors of a.
2, 13
Suppose -2 + 5 = -j. Let p = -26 + 43. Let y = j + p. List the prime factors of y.
2, 7
Let k(i) = -i**3 - 8*i**2 + 22*i + 6. List the prime factors of k(-11).
127
Suppose -4*n + 10 = -3*j, -3*j + 0*n - 6 = -3*n. List the prime factors of 2 - -3 - (-1 + j).
2
Let k be (-5)/5 - (1 + -4). Let y be (2 + 3 - k)*-1. What are the prime factors of -1 + 0/y + 7?
2, 3
Suppose -2*x + 7*x - 110 = 0. List the prime factors of x.
2, 11
Let k = -226 + 278. What are the prime factors of k?
2, 13
Let a = 1 - -51. Suppose -2*g - 2*g = -a. List the prime factors of g.
13
Let o = -22 - -9. Let c = 7 - o. List the prime factors of c.
2, 5
Let d(k) = k**3 + 6*k**2 - 3*k - 14. List the prime factors of d(-5).
2, 13
Let q(l) = 8*l + 13*l**2 - 4 - 2 - 3 + l**3 - 3. What are the prime factors of q(-12)?
2, 3
Let c be 28/1 - (-2 + 4). Suppose -5*t + 70 = 5*z, t - 3*t = z - c. What are the prime factors of t?
2, 3
List the prime factors of (-8 - (3 + -7))*183/(-2).
2, 3, 61
Let r(u) = u**3 - 3*u**2 - u + 5. Let x be 3 - (-3 + 4 - 2). What are the prime factors of r(x)?
17
Suppose -3 + 45 = -2*h. Let m be (-2)/5 - h/15. What are the prime factors of 5/((-3)/(-3)*m)?
5
List the prime factors of 104 + (12/(-18))/(4/18).
101
Let k(l) = -l**3 + 22. Let t(s) = 2*s**2 - 2*s - 1. Let b be t(2). Suppose b*o + 3*r + 12 = 0, 3*r + 12 = -5*o - 0*r. List the prime factors of k(o).
2, 11
Let i(r) = -r**2 + r + 1. Let k be i(2). Let b(f) = -25*f**3 + f**2 - 1. What are the prime factors of b(k)?
5
What are the prime factors of (2 + 1)*(2 + -3 + 54)?
3, 53
Suppose -880 = -5*l - 250. Suppose x + l = 3*j - 2*x, 2*j + 3*x = 89. What are the prime factors of j?
43
Let b(t) = t. Let q(i) = i. Let l(d) = -3*b(d) + q(d). What are the prime factors of l(-3)?
2, 3
Let i = -12 - -7. Let u = 4 + i. What are the prime factors of u*2*(-9)/6?
3
Let y be ((-1 - -5)*12)/1. Let v = y + -34. What are the prime factors of v?
2, 7
Let n(g) = -g - 3. Let p be n(-12). Suppose p = -4*s + 1. Let a = 19 + s. What are the prime factors of a?
17
Suppose 5*v - 46 = -16. Suppose 4*q = -v*h + 4*h + 20, -4*h + 24 = 4*q. Suppose -16 = -4*b - q*k, 4*b - b - 10 = -5*k. What are the prime factors of b?
5
Suppose 3*p = -2*p + 2*l + 100, 0 = p - l - 23. Suppose 0 = h - p + 6. What are the prime factors of h?
2, 3
Suppose -6*t = -7*t + 125. What are the prime factors of t?
5
Let p = 7 - 9. Let z be (1 - 1/(-3))*9. What are the prime factors of (-3)/(-6)*p + z?
11
Suppose 2*r + r = 147. What are the prime factors of r?
7
Let y be 21/(-7) - (21 + 0). What are the prime factors of 16/y - (-32)/3?
2, 5
Let v = -44 - -53. List the prime factors of v.
3
Let c(u) = -2*u - 7. Let a be c(-6). Suppose a*n = -3*f - f + 11, 4*f - 15 = -n. Let b = 10 + f. What are the prime factors of b?
2, 7
Let i = 2 - 7. Let s be 1*12 + 5/i. What are the prime factors of s + 1 + (-3 - -1)?
2, 5
Suppose -x - a + 3 = 0, x - 2*a - 29 = -2*x. Let j = x - -3. List the prime factors of j.
2, 5
Let n = 11 - 8. Let c be (-3)/(14/(-8) + 1). Suppose -30 = -c*l - n*b, -4*b = -6*b + 4. List the prime factors of l.
2, 3
Let v(i) be the first derivative of -2*i**2 - 4. List the prime factors of v(-1).
2
Let i be (11/3 + -1)*-3. Let r be 0 - (17 - (-1 + 0)). List the prime factors of 3*i/r*6.
2
Let w(d) = 2*d**2 - 2*d. What are the prime factors of w(2)?
2
Let h(t) = -2*t - 1. Let j = 4 - 11. List the prime factors of h(j).
13
What are the prime factors of (-100)/(-8)*8/5?
2, 5
Suppose 21*p - 26*p = -915. What are the prime factors of p?
3, 61
Suppose 3*b - 5*v + v = 534, -5*b = -4*v - 898. What are the prime factors of b?
2, 7, 13
Let j(n) = -3*n**3 - 5*n**2 - 9*n - 17. What are the prime factors of j(-4)?
131
Let u = -10 - -11. Let s(j) = 14*j**2. List the prime factors of s(u).
2, 7
Let c(t) = 2*t - 7. Let o be c(6). Suppose -19 = -o*k + 76. What are the prime factors of k?
19
Suppose s + 4*s - 310 = k, 3*k - 330 = -5*s. What are the prime factors of s?
3, 7
Let l(y) = y**2 - 7*y - 6. Let t be l(6). Let n(p) = 4*p - 3. Let h be n(5). Let x = h + t. What are the prime factors of x?
5
Let l = -27 + 18. Let j = 3 - l. List the prime factors of j.
2, 3
Let z(p) be the first derivative of 3*p**4/4 - p**3/3 - p**2/2 + 2*p - 1. Let q be z(2). Suppose q = -l + 3*l. List the prime factors of l.
2, 5
Let m(g) = -1. Let k(f) = f. Let x(z) = k(z) - 5*m(z). Let a be x(-3). List the prime factors of (27 + 1)*a/4.
2, 7
Let q = 471 + -187. List the prime factors of q/10 + 2/(-5).
2, 7
Let n(l) = l**3 - 4*l**2 + 2*l + 2. Let v be n(4). Suppose v*k - 7*k = 141. What are the prime factors of k?
47
Let p(f) = -14*f + 5. What are the prime factors of p(-13)?
11, 17
Let j(x) = -x**2 - x + 20. Let c(d) = d**2 - 4*d + 3. Let z be c(3). What are the prime factors of j(z)?
2, 5
Let a(n) = n**3 - 7*n**2 + 6*n + 4. Let b be a(6). Let r = 16 - 9. Let g = r + b. What are the prime factors of g?
11
Let y = -373 - -537. List the prime factors of y.
2, 41
Let k(t) = t**3 - 15*t**2 + 5*t - 50. What are the prime factors of k(15)?
5
Let g = -8 - -12. Suppose 4*u + g*m - m = 0, 0 = 2*u + 3*m. List the prime factors of 0 + -2 + 4 - u.
2
Suppose -2*z + t = 6*t - 13, 49 = 5*z - 4*t. Suppose -13*u + 136 = -z*u. What are the prime factors of u?
2, 17
Let l be (2 - (0 - 2)) + 0. Suppose 5*s = -5*h + 120, 6 = -s + h + l*h. What are the prime factors of s?
19
Let v(i) = -i**2 - 10*i - 8. Let t = 5 + -8. Let u be 20/t + (-6)/18. List the prime factors of v(u).
13
Let r be 18/22 + (-10)/(-55). What are the prime factors of (-2 + 3/r)*9?
3
Let o(q) = -q - 4. Let l be o(-5). Suppose -l - 1 = -r. What are the prime factors of r?
2
Let u(f) = -2*f - 1. List the prime factors of u(-7).
13
Let o = 3 + 0. Suppose -o*t + 310 = 2*t. Suppose -31 = -3*s + 2*v, -14 = 4*s + 4*v - t. List the prime factors of s.
11
Let q(m) = -60*m. Let f be q(-1). What are the prime factors of (-11)/((-22)/f) + -2?
2, 7
Let o = -62 - -114. What are the prime factors of o?
2, 13
Suppose 5*z = 4*z + 325. What are the prime factors of z?
5, 13
Let h = 189 + -122. Let a = h + -18. List the prime factors of a.
7
Suppose 3*g = -2*q - 70, 4*g + 2*q + 101 = 7*q. Suppose -5*v = 25, -j - 55 = -3*j - 3*v. Let b = j + g. List the prime factors of b.
11
Let o = -8 - 6. What are the prime factors of 700/49 - (-4)/o?
2, 7
Let m = 5 + -6. Let i be m/(10/8 + -1). List the prime factors of 2 + i/1 + 21.
19
What are the prime factors of 1740/(-40)*3/(18/(-32))?
2, 29
Let m(w) = -28*w - 38. List the prime factors of m(-5).
2, 3, 17
Suppose 5*p - p - 3*u = 25, 0 = 5*p + 2*u - 14. Suppose -p*s - 10 = 22. Let j(d) = d**3 + 8*d**2 - 3*d - 11. What are the prime factors of j(s)?
13
Let a = 7 - 5. Let r be 1*10*a/2. Let h = r - 0. List the prime factors of h.
2, 5
Let b = 13 + -19. Let u = 6 - b. List the prime factors of u.
2, 3
Let r be (-30)/4*2/(-3). Suppose -4*c - r = 2*w + 9, 5*c + 37 = 4*w. What are the prime factors of 1/3 - (-8)/w?
3
Let u be ((-2)/(-2))/(4 + -3). Let t = 20 - u. List the prime factors of t.
19
Let c(q) = -5*q**3 - 10 + 4*q**3 + 2 - 6*q**2 - 2*q. Let h be c(-6). Suppose -h*m - 18 = -50. What are the prime fact